- 2*o**2 + o + 4. Let c be w(3). Let v = r - c. What are the prime factors of v?
5, 47
Suppose 0 = 20*q - 72743 - 45077. List the prime factors of q.
43, 137
Suppose 0*x - 10*x + 10 = 0. Let n be (0/5)/(-1*x). List the prime factors of 59 - ((-7)/((-7)/2) + n).
3, 19
Let y = -33 + 30. Let u(o) = 29*o**2 - o - 1. What are the prime factors of u(y)?
263
Let z be 5/2 - 14/28. Suppose -z*b + 270 = -0. What are the prime factors of b?
3, 5
Suppose 0 = 9*u - 111439 + 9514. List the prime factors of u.
3, 5, 151
Let i(a) = 1166*a**2 - 151*a - 2. List the prime factors of i(4).
2, 5, 19
Let t be ((-17)/((-153)/(-2778)))/((-4)/6). Let k = 1245 - t. List the prime factors of k.
2, 17, 23
Let u = -69 - -73. Let r be u/(-10) - (-309)/(-15) - -4. Let l = r - -70. List the prime factors of l.
53
Let a(w) = -73738*w. Let i(b) = 327*b. Let c(s) = -5*a(s) - 1127*i(s). Let o be (-170)/(-272) - 1/(-8)*3. What are the prime factors of c(o)?
7, 23
Let n(c) be the third derivative of -37*c**4/6 - 8*c**2. Let m be (-2 - 1)*(-6)/(-18). What are the prime factors of n(m)?
2, 37
Let a(g) = 1. Let c(z) = 86*z - 10. Let b(h) = 21*a(h) + 3*c(h). Let i(t) = -24*t - 119. Let p be i(-5). List the prime factors of b(p).
3, 83
Let c = -13502 + 28309. List the prime factors of c.
13, 17, 67
Let q be ((2632/(-6))/7)/((-5)/(-15)). Let v = q - -371. List the prime factors of v.
3, 61
Let k(f) = f**3 + 4*f**2 + 6*f - 12. Let z(j) = 2*j**3 + 9*j**2 + 13*j - 24. Let s(y) = 9*k(y) - 4*z(y). What are the prime factors of s(7)?
3, 5, 23
Let s(i) = i. Let c(k) = -3*k. Let v(z) = -c(z) - 4*s(z). Let d(g) = 50. Let y(q) = d(q) - 2*v(q). List the prime factors of y(0).
2, 5
Suppose -16 = -4*c, -5*c + 60 + 20 = 4*y. Suppose y*j = 3265 + 1730. Let z = 478 - j. List the prime factors of z.
5, 29
Suppose 20*n + 102 = 14*n. List the prime factors of (6/3 - 5) + (8 - n).
2, 11
Let j = -3 + 4. Let a(t) = 1. Let f(w) = -9*w + 12. Let c(b) = j*f(b) + 2*a(b). What are the prime factors of c(-5)?
59
Let i(m) = m**3 - 4*m**2 - m - 20. Let b = 274 + -266. List the prime factors of i(b).
2, 3, 19
Let l = 123 - 119. Suppose -4*t + 5*c = -1447, l*t + c = -367 + 1796. List the prime factors of t.
2, 179
Suppose 11*v - 5 = 9*v - a, -5*v + 3*a = -18. Suppose -4*n + v*n = -406. List the prime factors of n.
2, 7, 29
Suppose -5*v - 2*h + 269231 = 0, -27*v - 4*h + 269217 = -22*v. List the prime factors of v.
53849
Let t = 1405 - 565. Suppose -t = -z + c, 3356 = 4*z + 26*c - 29*c. List the prime factors of z.
2, 11, 19
Let m = 3131 - -2709. List the prime factors of m.
2, 5, 73
Let f(y) = 27*y**3 + 3*y**2 - 3*y - 2. Let u be f(-3). List the prime factors of (-15)/(-210)*7 - u/2.
2, 3, 29
Let d(x) = -165*x + 2. Let h be d(-2). Let s be h/8*4/2. Suppose 2*q = -a + s, -a + 248 = 2*a + 5*q. List the prime factors of a.
3
Let h = 15 + -48. Let p = h + 37. List the prime factors of p/10*(-615)/3*-1.
2, 41
Suppose -d + 11*d = 14399 + 95161. What are the prime factors of d?
2, 3, 11, 83
Let o(j) = 2*j**3 - 13 + 8*j**2 + j - j**2 - j**3. Let t be o(-7). List the prime factors of (-8)/(-10) + -454*6/t.
137
Let c(p) = 35*p - 80. Let n(d) = -70*d + 162. Let j(k) = -5*c(k) - 3*n(k). What are the prime factors of j(7)?
3, 53
Let w = -471 - -467. Let t(r) = 4*r**2 - 25*r + 18. Let s(j) = -j**2 + 8*j - 6. Let o(x) = -7*s(x) - 2*t(x). List the prime factors of o(w).
2, 7
Suppose -4*d + 33903 = t + 4*t, 3*t = -3*d + 20343. What are the prime factors of t?
6779
Let w(m) = -3*m**3 - 7*m**2 - 20*m - 22. Let n be w(-11). Suppose n = -6*g + 12296. List the prime factors of g.
2, 373
Let m be (-3)/12 - 2/(-8). Suppose -f + 0*f + 4*n + 84 = 0, 0 = 4*n. Suppose m = -3*w - w + f. What are the prime factors of w?
3, 7
Let f(l) = -l**2 - 28*l - 19. Let d be f(-21). Let x = d - 56. Suppose -11*t = -x - 797. What are the prime factors of t?
79
Let g = -194 - -329. Suppose 2*n + 3*l = 95, n + 0*l + 5*l = 51. Let t = g - n. What are the prime factors of t?
89
Let c(d) = 493*d**2 - 24*d + 2. Let o be c(2). Suppose 4*n - o - 182 = 0. What are the prime factors of n?
17, 31
Suppose -105*x + 99*x + 24150 = 0. Suppose 5*l = 5*p - 4045, 3*p - 8*p = -l - x. What are the prime factors of p?
2, 3, 67
Let o = 580 + -340. Suppose -u = -3*b - o - 1174, 4*u = -4*b + 5656. What are the prime factors of u?
2, 7, 101
Let t(j) be the second derivative of j**4/4 - 13*j**3/6 + j**2 - 43*j. What are the prime factors of t(-11)?
2, 127
Let m(t) = t**3 - 4*t**2 + t + 4. Let r be m(4). Let w(k) = 14*k + 21. Let a be w(r). What are the prime factors of (a - 1) + (15 - 15)?
2, 3, 11
Let r(s) = 1036*s + 1515. List the prime factors of r(29).
11, 19, 151
Suppose a = 25 - 6. Let p(w) = 5*w**2 - 42*w - 1. List the prime factors of p(a).
2, 503
Let p(o) be the first derivative of -o**4/4 + 10*o**3 - o**2 - 23*o + 63. What are the prime factors of p(29)?
2, 5, 19
Let q(j) be the first derivative of -5*j**2/2 - 37*j - 34. Let t be q(0). Let s = t - -69. List the prime factors of s.
2
Suppose 5*t - s = 21, 5*t = t - s + 15. Suppose -b + t = -1. Suppose b*j - 190 - 370 = 0. What are the prime factors of j?
2, 7
Let l be (1 + -3)/4*0. Suppose 2 + 23 = 5*u. Suppose 119 = z + 4*t + 14, l = 3*z + u*t - 350. List the prime factors of z.
5
Suppose -5*w = 5*f - 42455, -261*w = -266*w - 4*f + 42461. What are the prime factors of w?
29, 293
Let r be 1*6*(-15)/(-9) - 5. Suppose -3*s + 9 = 0, -2*s = 4*y - r*y + 97. List the prime factors of y.
103
Suppose -5*o + 5*y + 158400 = 0, 31672 = 8*o - 7*o - 5*y. List the prime factors of o.
2, 7, 31, 73
Suppose -63*h = -29*h - 586908. What are the prime factors of h?
2, 3, 7, 137
Let q(l) = -l**2 - 51*l - 42. Let o(i) = 5*i - 51. Let n be o(5). List the prime factors of q(n).
2, 19
Suppose -27 = 3*a + 27. Let c = -22 - a. What are the prime factors of 0 + c + 28 + -1?
23
Let o = 24618 - 12122. What are the prime factors of o?
2, 11, 71
Suppose -4*r = 3*b - 331, -5*r = b - 0*b - 411. Let y = r + -13. Let i = 135 - y. What are the prime factors of i?
2, 3, 11
Let d be -3 + 5/(-4 - 1) - -14. Suppose -665 = -d*p + 1185. What are the prime factors of p?
5, 37
Suppose -i + 5*m + 5438 = 0, -784*i + 2*m = -789*i + 27109. What are the prime factors of i?
11, 17, 29
Let h = -18477 + 59338. List the prime factors of h.
29, 1409
Let h = 120 - 126. Let z be h - -10 - (-1 - 166). Let t = 470 - z. List the prime factors of t.
13, 23
Suppose -3*h + 2905 = -4*p, -5*h = 3*p - 190 + 2376. Let f = 135 - p. List the prime factors of f.
2, 431
Suppose 398860 = 21*p + 5*p + 9*p. What are the prime factors of p?
2, 7, 11, 37
Let q(c) = -2*c**2 + 5*c - 3. Let t be q(3). Let j be (-3)/(1*t/4). Suppose j*p + 14 = 3*b - 2*p, -5*p - 8 = b. List the prime factors of b.
2
Suppose -2*t - 5 = 93. Let x be 14/t - 10/14 - -127. Suppose 2*m = -4*h + x, -5*m - 48 = -2*h + h. List the prime factors of h.
3, 11
Let b be (-6)/(-39) - (-306650)/130. Let s = -1573 + b. List the prime factors of s.
2, 3, 131
Suppose 562*a + 2691597 = 7756341. List the prime factors of a.
2, 3, 751
Let h = -188 + -3. Let o = h + 850. List the prime factors of o.
659
Let h = 165 + 214. Suppose -x + 274 = -h. Suppose -3*s - 197 + x = 0. List the prime factors of s.
2, 19
Let o be (8/(-18))/(6/(-54)). Suppose 6*u = 5*u - o*l + 160, -488 = -3*u - 4*l. List the prime factors of u.
2, 41
Let c(v) = -2*v**2 - 62*v - 10. Let t be c(-30). Suppose g + 4*k - 13 = 0, 54*g - t*g - 4*k = 152. List the prime factors of g.
3, 11
List the prime factors of 215*145 + (20 - 30) + -2.
11, 2833
Suppose 4*c = 2*v + 4196, -16*c = -21*c - v + 5259. Let y = c - 623. What are the prime factors of y?
2, 107
Suppose -98036*k = -98043*k + 29855. What are the prime factors of k?
5, 853
Let z = -3 - 2. Let y(k) = -5*k + 44. Let p be y(5). Let n = p + z. List the prime factors of n.
2, 7
Let g(z) = -6*z. Let h be g(0). What are the prime factors of (936 + 71)*(h - 1)/(-1)?
19, 53
Suppose -c = -2, k + 1893 - 10011 = c. List the prime factors of k.
2, 5, 7, 29
Let z(g) = 5*g**2 - 25*g + 27. Let y be ((-2)/(-4))/(6/(44*-3)). What are the prime factors of z(y)?
907
Suppose 5*l + 24 = -2*q, -3*l + 12 = -6*l. List the prime factors of ((-118)/8 + q)/(4/(-48)).
3, 67
Suppose 129737 + 123476 = 47*d - 478013. What are the prime factors of d?
2,